and 12.
2
What is the highest common divisor of 6566 and 196?
98
What is the greatest common divisor of 88 and 275?
11
What is the greatest common factor of 343 and 98?
49
What is the greatest common factor of 803 and 11?
11
Calculate the greatest common factor of 15 and 75.
15
What is the highest common divisor of 156 and 6?
6
What is the greatest common divisor of 255 and 15?
15
Calculate the greatest common factor of 592 and 236.
4
What is the highest common factor of 7774 and 138?
46
Calculate the highest common divisor of 287 and 28.
7
Calculate the highest common divisor of 1452 and 12.
12
What is the highest common divisor of 5053 and 326?
163
What is the greatest common factor of 9 and 3618?
9
Calculate the greatest common factor of 11661 and 52.
13
What is the highest common factor of 27 and 675?
27
Calculate the greatest common factor of 24 and 8.
8
Calculate the greatest common factor of 2132 and 208.
52
Calculate the greatest common factor of 326 and 978.
326
What is the highest common factor of 8 and 824?
8
What is the highest common factor of 249 and 4316?
83
Calculate the highest common divisor of 2945 and 95.
95
Calculate the highest common divisor of 54 and 90.
18
What is the highest common factor of 997 and 4?
1
What is the greatest common divisor of 108 and 126?
18
Calculate the greatest common divisor of 345 and 480.
15
Calculate the highest common divisor of 72 and 192.
24
What is the greatest common factor of 7 and 203?
7
What is the greatest common factor of 328 and 574?
82
Calculate the greatest common divisor of 91 and 39.
13
What is the greatest common divisor of 1540 and 14?
14
What is the greatest common factor of 1278 and 18?
18
Calculate the greatest common factor of 290 and 232.
58
What is the highest common divisor of 28 and 1022?
14
What is the greatest common factor of 21280 and 570?
190
Calculate the greatest common factor of 45 and 1185.
15
What is the greatest common factor of 3379 and 218?
109
What is the greatest common factor of 567 and 81?
81
What is the highest common divisor of 68 and 14688?
68
What is the highest common divisor of 338 and 1534?
26
What is the greatest common factor of 13806 and 936?
234
Calculate the highest common factor of 19 and 247.
19
What is the greatest common factor of 116 and 118552?
116
Calculate the highest common factor of 34 and 26.
2
Calculate the greatest common divisor of 24 and 8.
8
Calculate the highest common divisor of 272 and 595.
17
Calculate the greatest common divisor of 112 and 21.
7
What is the highest common factor of 176 and 242?
22
Calculate the greatest common divisor of 182 and 28.
14
Calculate the greatest common factor of 602 and 14.
14
Calculate the greatest common factor of 169 and 208.
13
Calculate the highest common factor of 45 and 20.
5
What is the greatest common divisor of 60 and 78?
6
Calculate the greatest common factor of 561 and 272.
17
Calculate the greatest common divisor of 1598 and 17.
17
What is the highest common factor of 47859 and 21?
21
What is the greatest common factor of 60 and 45?
15
Calculate the highest common factor of 12 and 48.
12
Calculate the highest common factor of 1292 and 612.
68
What is the highest common factor of 17 and 12937?
17
Calculate the greatest common factor of 80 and 10.
10
What is the greatest common divisor of 11 and 1859?
11
Calculate the greatest common factor of 266 and 2261.
133
Calculate the greatest common factor of 4160 and 260.
260
What is the highest common divisor of 30 and 15?
15
What is the greatest common divisor of 490 and 115?
5
What is the greatest common divisor of 334 and 3507?
167
What is the highest common factor of 806 and 949?
13
Calculate the highest common factor of 42 and 11886.
42
What is the greatest common factor of 700 and 20?
20
Calculate the highest common factor of 35 and 160.
5
What is the greatest common factor of 11003 and 1?
1
What is the greatest common factor of 1922 and 310?
62
What is the greatest common factor of 10 and 12?
2
What is the highest common divisor of 116 and 464?
116
What is the highest common divisor of 93 and 496?
31
What is the highest common factor of 780 and 507?
39
Calculate the greatest common factor of 18 and 648.
18
What is the highest common factor of 290 and 1650?
10
Calculate the greatest common divisor of 69 and 23.
23
What is the greatest common divisor of 10382 and 174?
58
What is the highest common divisor of 46 and 61042?
46
What is the highest common divisor of 1518 and 66?
66
What is the highest common factor of 24471 and 9?
9
What is the highest common factor of 1053 and 1521?
117
What is the greatest common divisor of 1120 and 840?
280
Calculate the greatest common factor of 90 and 10.
10
Calculate the highest common factor of 208 and 364.
52
Calculate the highest common factor of 2581 and 29.
29
Calculate the highest common factor of 216 and 675.
27
What is the highest common factor of 748 and 544?
68
What is the highest common divisor of 224 and 476?
28
What is the highest common factor of 140 and 84?
28
What is the greatest common factor of 30 and 33600?
30
What is the highest common divisor of 30 and 260?
10
What is the highest common factor of 9 and 603?
9
Calculate the highest common divisor of 660 and 2508.
132
What is the highest common divisor of 70 and 2030?
70
Calculate the greatest common divisor of 4047 and 114.
57
Calculate the greatest common factor of 81 and 46008.
81
Calculate the highest common factor of 589 and 76.
19
What is the highest common divisor of 99 and 22?
11
What is the highest common factor of 77 and 14?
7
What is the greatest common divisor of 6 and 2463?
3
What is the highest common divisor of 15 and 160?
5
Calculate the greatest common factor of 59 and 472.
59
Calculate the greatest common divisor of 53 and 159.
53
Calculate the greatest common factor of 250 and 20.
10
What is the greatest common divisor of 702 and 312?
78
What is the highest common factor of 220 and 176?
44
Calculate the greatest common factor of 54 and 567.
27
What is the greatest common factor of 24 and 3?
3
Calculate the highest common divisor of 324 and 8964.
108
Calculate the highest common factor of 17 and 17.
17
Calculate the greatest common divisor of 270 and 54.
54
What is the highest common divisor of 36080 and 205?
205
What is the greatest common factor of 191 and 2?
1
Calculate the highest common divisor of 10804 and 20.
4
What is the greatest common divisor of 5858 and 464?
58
What is the greatest common factor of 111 and 148?
37
What is the greatest common factor of 36 and 297?
9
What is the greatest common factor of 646 and 68?
34
What is the highest common divisor of 2668 and 276?
92
Calculate the greatest common factor of 525 and 42.
21
Calculate the highest common factor of 53 and 689.
53
Calculate the greatest common factor of 5112 and 72.
72
Calculate the greatest common factor of 30 and 2370.
30
What is the highest common factor of 201 and 9?
3
What is the highest common factor of 435 and 60?
15
Calculate the highest common divisor of 10 and 370.
10
Calculate the greatest common factor of 2196 and 36.
36
Calculate the greatest common factor of 18847 and 802.
401
Calculate the greatest common divisor of 308 and 1188.
44
What is the highest common divisor of 130940 and 10?
10
What is the greatest common divisor of 28 and 1078?
14
Calculate the greatest common divisor of 23900 and 40.
20
Calculate the highest common factor of 259 and 35.
7
Calculate the greatest common factor of 68 and 85.
17
What is the greatest common factor of 1700 and 1564?
68
Calculate the greatest common divisor of 68 and 4.
4
What is the highest common factor of 2 and 1218?
2
What is the greatest common divisor of 594 and 132?
66
What is the highest common factor of 96 and 264?
24
Calculate the highest common factor of 230 and 5405.
115
Calculate the greatest common divisor of 3249 and 9.
9
Calculate the highest common factor of 2430 and 705.
15
What is the highest common divisor of 208 and 1924?
52
What is the highest common factor of 783 and 189?
27
Calculate the highest common factor of 21165 and 10.
5
Calculate the highest common divisor of 12 and 636.
12
What is the highest common factor of 1290 and 30?
30
Calculate the highes